. Give k(7).
-1569
Let x(g) = -22*g**2 + 2485*g + 100. Determine x(113).
-13
Let h(n) = -60*n**2 - 62*n - 13. Give h(-1).
-11
Let h(x) = -x**2 - 4930*x - 97658. Give h(-20).
542
Let t(f) = 171*f**2 - 13517*f + 682. Determine t(79).
50
Let o(s) = -1886*s + 416760. Give o(221).
-46
Let v(g) = 240429*g + 1683020. Determine v(-7).
17
Let b(h) = 131706*h - 658468. What is b(5)?
62
Let v(n) = 3*n**2 + 31*n + 181. Calculate v(-7).
111
Let c(j) = 5*j**2 - 222*j - 582. Determine c(47).
29
Let q(r) = 208*r + 38427. Determine q(-183).
363
Let o(p) = -p**3 + 23*p**2 - 124*p - 210. Give o(13).
-132
Let g(q) = 28793*q - 259147. Give g(9).
-10
Let t(z) = 4*z**3 - z**2 - 234*z + 13. What is t(0)?
13
Let s(d) = -162*d - 22624. Calculate s(-145).
866
Let a(u) = 40022*u - 1160678. What is a(29)?
-40
Let s(n) = -n**3 + 133*n**2 + 266*n + 1198. Give s(135).
658
Let h(v) = v**3 - 1251*v**2 + 6574*v - 428595. Calculate h(1246).
29
Let k(l) = 4*l**2 - 127*l + 698. Determine k(31).
605
Let i(z) = -144*z + 5162. Calculate i(41).
-742
Let i(h) = 2*h**3 - 254*h**2 - 4885*h + 192. Give i(-17).
5
Let k(b) = -b**2 - 6810*b - 149344. Determine k(-22).
-8
Let f(i) = -3*i**2 + 47*i - 205. Give f(18).
-331
Let s(m) = -1272*m + 28982. Calculate s(22).
998
Let y(t) = -42964*t - 472580. Determine y(-11).
24
Let p(s) = -438*s**3 + 1920*s**2 - 1924*s + 2. Calculate p(1).
-440
Let u(k) = -999*k**2 + 33966*k + 149. Determine u(34).
149
Let q(r) = 2*r**3 - 13*r**2 - 100*r + 81. Determine q(0).
81
Let d(a) = 2*a**3 + 68*a**2 - 30*a - 77. Determine d(-34).
943
Let f(d) = d**3 - 81*d**2 + 1685*d - 2237. Give f(43).
-44
Let w(r) = 10892*r - 1655764. Give w(152).
-180
Let s(o) = -o**3 + 220*o**2 + 3032*o - 290. Calculate s(-13).
-329
Let p(b) = 7340*b - 66058. Give p(9).
2
Let j(d) = -10*d**2 - 9561*d + 38366. Give j(4).
-38
Let m(f) = 843*f - 23130. What is m(31)?
3003
Let y(o) = -2*o**3 - 150*o**2 + 66*o + 7510. What is y(-75)?
2560
Let k(o) = 3280*o - 16411. What is k(5)?
-11
Let v(r) = -13*r**2 - 1715*r + 1748. Calculate v(-133).
-114
Let v(g) = g**3 - 6*g**2 - 165*g - 29. Give v(-10).
21
Let j(u) = u**3 + 246*u**2 - 986*u + 2492. Determine j(-250).
-1008
Let o(n) = -n**3 + 175*n**2 + 2789*n + 2013. Give o(-14).
11
Let v(q) = -q**3 + 93*q**2 - 1876*q + 1274. Determine v(64).
-6
Let p(w) = 11272*w + 56268. What is p(-5)?
-92
Let r(n) = -20*n**2 + 126*n + 2000. What is r(0)?
2000
Let b(f) = 682*f - 15803. Calculate b(23).
-117
Let x(v) = 4*v**3 + 115*v**2 + 954*v + 2238. What is x(-4)?
6
Let q(a) = 10427*a + 9603268. Give q(-921).
1
Let d(s) = -142*s**2 + 3263*s + 52. What is d(23)?
-17
Let f(a) = 31*a**2 + 8744*a - 8341. Determine f(-283).
-134
Let m(v) = 3*v**2 + 3684*v + 25720. Give m(-7).
79
Let r(b) = b**3 + 38*b**2 - 41*b - 180. Calculate r(-38).
1378
Let p(h) = -1473*h - 27971. Give p(-19).
16
Let w(a) = -4*a**3 + 71*a**2 + 288*a - 5755. What is w(17)?
8
Let p(x) = 585*x + 11691. What is p(-21)?
-594
Let v(h) = -210*h**3 + 8*h**2 + h - 10. Give v(1).
-211
Let h(i) = -165884*i + 17915463. Calculate h(108).
-9
Let o(b) = b**3 - 5*b**2 - 153*b + 3. Give o(-12).
-609
Let s(g) = -2*g**3 + 21*g**2 - 482*g + 4259. Determine s(9).
164
Let s(m) = m**3 - 114*m**2 - 27733*m - 592. Calculate s(-119).
122
Let t(z) = 11186*z + 436231. Give t(-39).
-23
Let o(a) = -1434*a - 43053. Calculate o(-30).
-33
Let z(f) = -6*f**2 + 38*f + 237. Give z(-4).
-11
Let n(q) = 2*q**3 + 50*q**2 + 294*q - 95. Give n(-15).
-5
Let a(p) = 2225*p**2 + 224727*p + 198. What is a(-101)?
-4
Let g(j) = 15051*j - 10896941. Calculate g(724).
-17
Let n(t) = -22819*t - 296867. Determine n(-13).
-220
Let j(u) = -4*u**3 - 377*u**2 - 86*u + 754. Determine j(-94).
2
Let w(o) = -1902*o + 35397. Calculate w(19).
-741
Let u(n) = -352*n - 30389. Calculate u(-82).
-1525
Let j(y) = -y**3 - 155*y**2 + 646*y + 1729. Calculate j(-159).
139
Let q(c) = 22*c**2 - 1307*c - 6471. Determine q(64).
-7
Let x(p) = p**3 - 5*p**2 + 77*p - 385. Determine x(5).
0
Let t(s) = 280956*s - 561853. Calculate t(2).
59
Let a(c) = 129110*c + 2323982. Give a(-18).
2
Let a(f) = 58*f**2 - 10845*f - 161. What is a(187)?
26
Let n(v) = v**3 + 21*v**2 - 398*v + 130. Determine n(-28).
5786
Let s(o) = 141*o + 1002. Give s(-7).
15
Let u(z) = -z**2 + 296*z + 29253. Give u(-76).
981
Let n(y) = y**3 + 424*y**2 + 44369*y + 222. Determine n(-236).
-14
Let v(k) = k**3 + 286*k**2 + 7231*k - 902. Calculate v(-258).
-2708
Let q(b) = b**3 - 5*b**2 - 739*b + 83. Give q(-25).
-192
Let p(h) = h**2 - 1866*h + 68366. Give p(38).
-1098
Let s(h) = -h**3 - 425*h**2 - 1256*h + 4230. What is s(-422)?
10
Let j(q) = 4*q**3 - 38*q**2 - 23*q - 8. Give j(11).
465
Let z(v) = 380*v + 1890. Give z(-5).
-10
Let x(q) = -6*q**2 + 11509*q + 104105. What is x(-9)?
38
Let w(c) = -191633*c + 27595167. Calculate w(144).
15
Let i(y) = 11385*y - 4986643. Determine i(438).
-13
Let b(f) = -f**3 - 472*f**2 - 9896*f + 1784. Determine b(-450).
-16
Let w(v) = -193*v**2 - 22*v + 39. Determine w(2).
-777
Let t(g) = 55315*g - 1382813. Calculate t(25).
62
Let p(q) = -14*q**2 + 171*q - 616. What is p(4)?
-156
Let v(t) = 1032*t + 376671. Give v(-365).
-9
Let p(a) = a**3 + 55*a**2 + 201*a + 10878. Determine p(-55).
-177
Let m(t) = 6*t**3 + 38*t**2 - 35*t - 68. Calculate m(-7).
-19
Let x(p) = -686*p + 136010. Calculate x(197).
868
Let r(c) = 1093*c + 419702. Calculate r(-384).
-10
Let i(u) = -2220*u - 46197. Calculate i(-21).
423
Let t(o) = -272*o**2 - 563*o - 30. Calculate t(-2).
8
Let d(s) = 37*s**2 - 6851*s + 7907. Calculate d(184).
-5
Let r(v) = 10378*v + 425487. Give r(-41).
-11
Let z(w) = 3*w**3 - 4537*w**2 - 9093*w - 27. Calculate z(-2).
-13
Let x(p) = 2*p**3 - 465*p**2 - 32293*p + 1054. Determine x(-56).
-10
Let h(z) = 30*z**3 + 30*z**2 - 191*z + 157. What is h(1)?
26
Let m(n) = n**3 - 1269*n**2 + 4*n + 19. Give m(0).
19
Let v(f) = f**3 - 39*f**2 - 57*f + 838. Calculate v(40).
158
Let x(y) = 264*y**2 - 2455*y - 8603. Give x(12).
-47
Let g(b) = -3*b**2 - 801*b + 11593. Give g(-282).
-1097
Let g(v) = -9*v**3 + 63*v**2 + 3204*v - 22415. Calculate g(7).
13
Let q(v) = -2*v**3 + 32*v**2 + 33*v - 966. Calculate q(6).
-48
Let t(d) = -27*d**2 + 67*d + 86. Give t(-1).
-8
Let i(x) = -2*x**3 - 70*x**2 - 510*x - 16. Calculate i(-20).
-1816
Let t(k) = 18*k**2 - 2083*k + 45170. What is t(29)?
-99
Let k(l) = 2*l**3 - 198*l**2 - 19*l + 1171. Determine k(99).
-710
Let x(r) = r**2 - 327241*r + 3926746. Give x(12).
-2
Let g(v) = -3*v**3 - 80*v**2 - 534*v - 305. Determine g(-10).
35
Let x(w) = -w**2 - 156*w - 2864. Give x(-19).
-261
Let y(d) = 613*d**3 + 9*d**2 - 11*d + 1. What is y(1)?
612
Let c(f) = f**3 - 1957*f**2 + 23390*f - 608. What is c(12)?
-8
Let g(t) = t**2 + 1424*t + 347675. Give g(-313).
-68
Let v(k) = 207*k + 2316. Give v(-6).
1074
Let z(v) = -3*v**2 - 313*v + 2650. Calculate z(8).
-46
Let b(l) = 30*l**2 + 7938*l + 63418. Determine b(-8).
1834
Let v(o) = 2*o**3 - 24*o**2 - 144*o + 1750. Determine v(10).
-90
Let z(a) = 2*a**3 - 117*a**2 - 254*a + 18196. Give z(58).
100
Let y(d) = 30*d**2 - 2741*d + 920. Calculate y(91).
-81
Let d(r) = -r**3 - 32*r**2 + 486*r - 1837. Give d(-44).
11
Let q(h) = 2033*h - 4003. Give q(2).
63
Let d(s) = -28691*s + 6713703. Calculate d(234).
9
Let n(d) = d**3 + 64*d**2 + 707*d + 98. What is n(-14)?
0
Let z(o) = o**2 - 10065*o + 430945. Determine z(43).
-1
Let l(r) = 24*r**2 - 562*r - 323. Determine l(24).
13
Let b(u) = -6260*u + 12520. What is b(2)?
0
Let t(f) = -3*f**2 - 390*f + 185. Give t(-131).
-208
Let u(n) = 305*n**2 - 7522*n - 103. Determine u(25).
2472
Let s(z) = -9*z**3 - 1492*z**2 - 1159*z - 626. What is s(-165)?
34
Let z(p) = p**3 - 7*p**2 - 32*p + 890. Determine z(-10).
-490
Let r(d) = 5*d**2 + 210*d + 139. Give r(-40).
-261
Let a(w) = -9732*w + 175174. Give a(18).
-2
Let x(q) = 58618*q + 6389366. Give x(-109).
4
Let m(f) = -241*f + 21375. Give m(89).
-74
Let v(y) = -332*y - 2078. Give v(-6).
-86
Let g(j) = j**3 - 74*j**2 - 1023*j - 853. Calculate g(86).
-79
Let o(h) = h**3 - 48*h**2 + 86*h - 1825. Calculate o(47).
8
Let b(s) = -380*s - 18779. Determine b(-50).
221
Let l(a) = -17*a**3 + 113*a**2 - 185*a + 78. What is l(1)?
-11
Let v(b) = -787*b + 41670. What is v(53)?
-41
Let r(y) = 745*y - 327834. Give r(440).
-34
Let c(r) = 30*r**2 - 37*r + 75. What is c(-3)?
456
Let p(m) = 18